{"id":3780,"date":"2019-09-10T18:46:20","date_gmt":"2019-09-10T16:46:20","guid":{"rendered":"http:\/\/www.weisensoehne.de\/Web2019\/?page_id=3780"},"modified":"2019-11-01T18:05:58","modified_gmt":"2019-11-01T17:05:58","slug":"zink-nickel","status":"publish","type":"page","link":"https:\/\/www.weisensoehne.de\/?page_id=3780","title":{"rendered":"Zink-Nickel"},"content":{"rendered":"<p>[vc_row content_placement=&#8220;top&#8220; css_animation=&#8220;none&#8220; row_space=&#8220;remove_margin remove_padding remove_padding_col&#8220;][vc_column][vc_column_text]<\/p>\n<h2>Zink-Nickel \u2013 sehr guter Korrosionsschutz und hohe thermische Belastbarkeit<\/h2>\n<p><strong>Das elektrolytische Beschichtungsverfahren Zink-Nickel (Zn-Ni) erfolgt in unserer f\u00fcr saure Fertigungsprozesse ausgelegten Trommelanlage.<\/strong><\/p>\n<p>Insbesondere in der <strong>Automobilindustrie\u00a0<\/strong>hochgesch\u00e4tzt: die Zink-Nickel-Legierung als L\u00f6sung f\u00fcr Bauteile mit hohen Korrosionsanspr\u00fcchen, die starken Temperatur-, Streusalz- und Klimabelastungen ausgesetzt sind. Das Verfahren aus sauren Elektrolyten ergibt glatte und gl\u00e4nzende Schichten mit hoher Genauigkeit der Zusammensetzung und Schichtdicke auf Teilen aus Stahl, Eisenguss oder Zinkdruckguss. Ein weiterer Vorteil besteht darin, dass die Potentialwerte der Zink-Nickel-Schicht nahezu identisch sind mit Aluminiumlegierungen, die im Automobilbau aus Gewichtsgr\u00fcnden stark verbreitet sind. Dadurch wird bei direktem Kontakt der verschiedenen Bauteile eine galvanische Korrosion verhindert.<\/p>\n<p>Unverzichtbar ist die Zink-Nickel-Beschichtung auch in der <strong>Baubeschlagindustrie. <\/strong>Derart galvanisierte Bauteile erreichen die obersten Korrosionsschutzklassen mit h\u00f6chsten Beanspruchungsstufen. Aufgrund des geringen Potentialunterschiedes k\u00f6nnen Kontaktkorrosionen mit aus Edelstahllegierungen bestehenden Teilen weitestgehend ausgeschlossen werden.[\/vc_column_text][\/vc_column][\/vc_row][vc_row row_space=&#8220;remove_margin remove_padding remove_padding_col&#8220;][vc_column width=&#8220;1\/3&#8243;][vc_single_image image=&#8220;3880&#8243; style=&#8220;vc_box_border&#8220; onclick=&#8220;link_image&#8220;][\/vc_column][vc_column width=&#8220;1\/3&#8243;][vc_single_image image=&#8220;3881&#8243; style=&#8220;vc_box_border&#8220; onclick=&#8220;link_image&#8220;][\/vc_column][vc_column width=&#8220;1\/3&#8243;][vc_single_image image=&#8220;3882&#8243; style=&#8220;vc_box_border&#8220; onclick=&#8220;link_image&#8220;][\/vc_column][\/vc_row][vc_row][vc_column][\/vc_column][\/vc_row]<\/p>\n","protected":false},"excerpt":{"rendered":"<p>[vc_row content_placement=&#8220;top&#8220; css_animation=&#8220;none&#8220; row_space=&#8220;remove_margin remove_padding remove_padding_col&#8220;][vc_column][vc_column_text] Zink-Nickel \u2013 sehr guter Korrosionsschutz und hohe thermische Belastbarkeit Das elektrolytische Beschichtungsverfahren Zink-Nickel (Zn-Ni) erfolgt in unserer f\u00fcr saure Fertigungsprozesse ausgelegten Trommelanlage. Insbesondere in der Automobilindustrie\u00a0hochgesch\u00e4tzt: die Zink-Nickel-Legierung als L\u00f6sung f\u00fcr Bauteile mit hohen Korrosionsanspr\u00fcchen, die starken Temperatur-, Streusalz- und Klimabelastungen ausgesetzt sind. Das Verfahren aus sauren Elektrolyten ergibt [&hellip;]<\/p>\n","protected":false},"author":1,"featured_media":0,"parent":0,"menu_order":0,"comment_status":"closed","ping_status":"closed","template":"","meta":{"footnotes":""},"_links":{"self":[{"href":"https:\/\/www.weisensoehne.de\/index.php?rest_route=\/wp\/v2\/pages\/3780"}],"collection":[{"href":"https:\/\/www.weisensoehne.de\/index.php?rest_route=\/wp\/v2\/pages"}],"about":[{"href":"https:\/\/www.weisensoehne.de\/index.php?rest_route=\/wp\/v2\/types\/page"}],"author":[{"embeddable":true,"href":"https:\/\/www.weisensoehne.de\/index.php?rest_route=\/wp\/v2\/users\/1"}],"replies":[{"embeddable":true,"href":"https:\/\/www.weisensoehne.de\/index.php?rest_route=%2Fwp%2Fv2%2Fcomments&post=3780"}],"version-history":[{"count":16,"href":"https:\/\/www.weisensoehne.de\/index.php?rest_route=\/wp\/v2\/pages\/3780\/revisions"}],"predecessor-version":[{"id":4005,"href":"https:\/\/www.weisensoehne.de\/index.php?rest_route=\/wp\/v2\/pages\/3780\/revisions\/4005"}],"wp:attachment":[{"href":"https:\/\/www.weisensoehne.de\/index.php?rest_route=%2Fwp%2Fv2%2Fmedia&parent=3780"}],"curies":[{"name":"wp","href":"https:\/\/api.w.org\/{rel}","templated":true}]}}